0
Calculate the remainder when 52/(-5)*(-30)/4 is divided by 8.
6
Let u = -22 - -33. Calculate the remainder when u is divided by 5.
1
Let l = -15 + 11. Let a(b) be the first derivative of -b**3/3 - 5*b**2 - 5*b - 10. Calculate the remainder when a(l) is divided by 7.
5
Let y be 2*2/(-8)*-8. Suppose t = -y*t + 50. Calculate the remainder when 29 is divided by t.
9
What is the remainder when (-1)/((6/82)/(-3)) is divided by 21/(-9)*-3*2?
13
Let f(n) = -n + 13. Let u be f(9). Suppose -s + 10 = u*s. Suppose 3*r - 4*b = 36, -r = -s*b - 2*b - 20. What is the remainder when 22 is divided by r?
6
Suppose 4*r - 306 = 2*s - 16, -2*s = 4*r - 310. Calculate the remainder when r is divided by 19.
18
Suppose r + 9 = -3*d - 2*d, 2*r + d - 9 = 0. Calculate the remainder when r is divided by 2.
0
Suppose 14 = 4*s - 46. What is the remainder when 358 is divided by s?
13
Suppose -2*s - 7 = -5*a, -8 = -4*s - 5*a + 23. Suppose -5*i + 16 - 1 = 0. Calculate the remainder when s is divided by i.
1
Let k = 6 + 3. Suppose 14*s = 27 + 29. Calculate the remainder when k is divided by s.
1
Suppose 0 = 3*u + 2 - 5. Let t be 0 + 4 + 0/1. Let x = t - u. What is the remainder when x is divided by 2?
1
Let g = 92 + -73. What is the remainder when g is divided by 11?
8
Suppose 4*l - 10 = 2*h, -2*h + 16 = 3*l - 2. Let g = -30 - -13. What is the remainder when (-6)/15 + g/(-5) is divided by h?
0
Suppose 2*j + 3 = j + 4*c, -j - 4*c = -29. Calculate the remainder when 2*(-1)/4*-58 is divided by j + -6*2/4.
9
Let s(d) = d + 12. Let w be s(-8). Suppose -w*m + 4*n + 3 = -1, 2*m - 5*n + 1 = 0. Calculate the remainder when 3 is divided by m.
1
Let a = 2 - 4. Calculate the remainder when 16 is divided by (-36)/a*2/4.
7
Suppose -2*x - 2*x + 298 = 5*p, -p = -3*x - 52. Calculate the remainder when p is divided by 10.
8
Let r(q) = 3*q - 23. Suppose -2*u - u = -2*c + 35, 50 = 4*c - 2*u. Calculate the remainder when 19 is divided by r(c).
5
Let f = -18 + 54. Let k = f + -26. Let x = k - -19. What is the remainder when x is divided by 15?
14
Suppose -1 = -2*y - 5, 5*y + 14 = 2*g. What is the remainder when 9 + -6 + 9/3 is divided by g?
0
Let y = 38 + -24. Suppose 0 = 2*v - 4*a + 2*a - y, -3*a = 12. Suppose 0*n - 11 = -2*n - p, 0 = -2*n + v*p - 9. Calculate the remainder when 5 is divided by n.
2
Suppose -2*q + 147 - 53 = 0. Calculate the remainder when q is divided by (-18)/15*(-40)/3.
15
Let c = -30 - -55. Let o(j) = -j**2 - 13*j - 27. What is the remainder when c is divided by o(-9)?
7
Let a = -3 - -9. Suppose -y - 1 = -17. Calculate the remainder when y is divided by a.
4
Suppose -5*h - f + 18 = 2*f, -3*h = -4*f - 5. Suppose 2*m - 1 = m. Calculate the remainder when 10/m*(-2)/(-4) is divided by h.
2
Suppose 84 = 6*u - 3*u. Calculate the remainder when u is divided by 16.
12
Let c(k) = k - 3. Let p be c(7). Let a = p + -5. Let m(l) = -2*l - 1. Calculate the remainder when 1 is divided by m(a).
0
Let k = -3 + 8. What is the remainder when (-28)/(-3)*10/((-100)/(-15)) is divided by k?
4
Calculate the remainder when 15 is divided by ((-5)/((-15)/54))/2.
6
Suppose 3*b - 96 = 45. Calculate the remainder when b is divided by 16.
15
Let g be 1 - (-3 - -2) - 1. Suppose -5*a = -4*a + g. What is the remainder when 44 is divided by 16 - (2 + a + 0)?
14
Suppose 0*n - 2*n - 4*w + 12 = 0, n - 8 = -3*w. Suppose -36 = -4*a - 4*j, 3*a - 43 = -a + 3*j. Let f = 14 - a. Calculate the remainder when f is divided by n.
0
Let q = 17 - 5. Suppose o = 50 - 16. What is the remainder when o is divided by q?
10
Let y(b) = -8*b + 9. Calculate the remainder when 162 is divided by y(-4).
39
Suppose -87 = -h - 4*i - 30, 20 = 5*i. Let q = h + -27. What is the remainder when 25 is divided by q?
11
Let m(h) = -h**3 + 16*h**2 + h - 13. Let q be m(16). Suppose 0 = q*t - 4*x - 3, t = 5*x - 8 - 2. What is the remainder when 17 is divided by t?
2
Suppose -42 = -5*f + 58. Let w(v) = -3*v - 4. Let x be w(-7). Let q = x + -6. What is the remainder when f is divided by q?
9
Let f(i) be the second derivative of i**4/12 - i**2 + 5*i. What is the remainder when f(4) is divided by 4?
2
Let h(a) = -a**3 + 5*a**2 + 1. Let y(k) = -k**3 + 9*k**2 - 8*k + 10. Let b be -1*(-11 + (-3 - -6)). What is the remainder when h(3) is divided by y(b)?
9
Let p(c) = -2*c - 1. Calculate the remainder when p(-7) is divided by ((-3)/((-6)/(-14)))/(-1).
6
What is the remainder when 37 is divided by (-6)/10 - 159/(-15)?
7
Suppose 2*f - 5*n - 114 = 0, 4*f + 3*n = -f + 285. Suppose -3*y = -0*y - f. What is the remainder when y is divided by 10?
9
Suppose -2*a + 49 = 3*v, 2*v = -3*a + 24 + 2. What is the remainder when 74 is divided by v?
17
Let y = 9 + -8. What is the remainder when (-3 + 5)/(y/15) is divided by 11?
8
Suppose 5 = a + 1. Suppose -2*h - 4*z = -21 - 37, 3*h - 37 = a*z. What is the remainder when 36 is divided by h?
17
Suppose 3*m - 32 = -5. Suppose 0 = -4*j + 5*o + 41, 4*j - 6*j + 2*o + 18 = 0. Calculate the remainder when m is divided by j.
1
Let k be (-25)/2*6/(-5). Suppose k = 4*f - 5. Calculate the remainder when 7 is divided by f.
2
Let s = -78 + 90. What is the remainder when 20 is divided by s?
8
Suppose g + 0 - 3 = 0. Suppose 5*z = 0, -g*z = -5*t - 4*z + 10. What is the remainder when t is divided by 2?
0
Let m(b) = 2*b + 1. Let r be m(5). Let n = r - 17. What is the remainder when 15 is divided by 6*(-8)/n + 0?
7
Let b(t) = -t**3 + 9*t**2 - 3*t + 4. Let a be (0 + 1)/((-4)/(-28)). Let d be b(a). Suppose 31 = -5*l + d. What is the remainder when 28 is divided by l?
8
Let k(i) = 2*i**2 - 6*i + 5. Let m be k(-5). Suppose 4*n + 4*r + 220 = 8*n, 3*r = -2*n + m. Calculate the remainder when n is divided by 13.
11
Let z(i) = 2*i**2 - 6*i + 2*i - 5 + 0*i. Let t(k) = -k**3 - k**2 - k + 21. Calculate the remainder when t(0) is divided by z(4).
10
Suppose 3*g = 3 + 57. Suppose f - 46 = -3*f - 2*w, g = 4*w. Calculate the remainder when 16 is divided by f.
7
Suppose 0 = 2*l - 4*h - 67 + 23, 4*l - h - 81 = 0. Calculate the remainder when 97 is divided by l.
17
Calculate the remainder when 59 is divided by 16/24 - (-88)/3.
29
Let l = -5 - -3. Let m be (-14)/(-4) - 1/l. Suppose -m*n - 10 = -42. Calculate the remainder when 23 is divided by n.
7
Let p = 1 - -5. Let n(a) = a**2 - 5*a - 2. Calculate the remainder when n(-3) is divided by p.
4
Suppose -3*o + 39 + 168 = 0. Calculate the remainder when o is divided by 10.
9
Let z(a) = -a**2 + 4*a + 3. Calculate the remainder when 33 is divided by z(3).
3
Suppose 0 = -7*h + 2*h + 215. Suppose 2*k + 3*y - 27 = 0, -3*k = 5*y + 23 - 63. Calculate the remainder when h is divided by k.
13
Let z(y) = y + 19. Let f be z(-8). Suppose -2*i = -i - f. Suppose 2*h + 0*h = 64. Calculate the remainder when h is divided by i.
10
Calculate the remainder when ((-53)/(-4))/(4/16) is divided by 14.
11
Suppose -2*j + 8 = q, -3*j - 3*q - q = -7. What is the remainder when (4/10)/(((-28)/(-180))/7) is divided by j?
3
Let c = 11 - 5. Suppose -7*y = -2*y - 20. What is the remainder when c is divided by y?
2
Suppose -19 + 51 = 2*c. Let l = 17 - -22. Let v = l - c. What is the remainder when v is divided by 12?
11
Let p(f) = 90*f**2 + f. Calculate the remainder when p(-1) is divided by 30.
29
Suppose 0 = -3*z - 5*s + 52, -2*z + 40 = -3*s + s. Suppose -171 = -5*o + 3*g, 2*o = 2*g - 3*g + 75. What is the remainder when o is divided by z?
17
Suppose 4*r + 2*h = -16, -15 - 6 = 5*r + 3*h. What is the remainder when 2/6 + 17/3 is divided by (0 - (-4)/r)*-3?
2
Let o be (4/(-6))/(4/12). Let j be ((-54)/(-12))/((-1)/(-2)). Let z = j - o. Calculate the remainder when 20 is divided by z.
9
Suppose 3 = -3*z + 4*z. Suppose -2*x - 3 = -z*x. Calculate the remainder when (-3)/(-9) + 28/6 is divided by x.
2
Let f be 5*1*24/(-60). Suppose -2*l + 7*l + 15 = 0. What is the remainder when (l/6)/(f/124) is divided by 11?
9
Let l = 4 - 1. Suppose 0*t = -l*t. Suppose 0 = -4*p - t*p + 56. What is the remainder when 41 is divided by p?
13
Let q(g) = 1 - 3*g + 2 + 1. Let h be q(3). What is the remainder when 33 is divided by 1 + -3 - (h - 14)?
16
Let l(u) = -9*u - 1. Calculate the remainder when l(-7) is divided by 13.
10
Suppose 2*j = -4*n + 6 - 0, 19 = 3*j + n. Suppose j - 3 = 2*o. Suppose -2*z + 44 = o*z. What is the remainder when 30 is divided by z?
8
Suppo